ose -3*w - 3120 = -3*p, -2*p + 46*w - q*w = -2085. What is the tens digit of p?
4
Suppose 4*s = -a + 35, -2*s + 1 = -3. Let z = 28 - a. What is the units digit of (3 - z)/(0 + 1)?
2
Let x(b) = b**3 - 16*b**2 + 23*b + 5. Suppose -3*j = 3*d + 2*d - 65, 0 = -d + j + 21. What is the tens digit of x(d)?
7
Let m(i) = -15*i + 65. Let f be m(4). Suppose -2*h = 2*u - 842, 15*u + f*h = 17*u - 828. What is the units digit of u?
9
Suppose -5*s + 10*s = 1140. Suppose -s = -6*y - 84. What is the units digit of y?
4
Suppose -2*u + 356 = -58. Let p = 491 + u. What is the units digit of p?
8
Suppose -127*i + 748798 = 215652. What is the tens digit of i?
9
Let q = -40 + 34. Let y be 2/2 - q/((-4)/(-2)). Suppose -p - 2*p + 421 = -y*s, -p - 3*s = -123. What is the hundreds digit of p?
1
Let r(o) = o**3 + 6*o**2 - 16*o + 3. Let z be r(-8). Suppose 2*h + q = 366, q = -3*h - z*q + 554. What is the tens digit of h?
8
Let z = 16114 - 10258. What is the tens digit of z?
5
Suppose 0 = -c + 2*c - 4*g - 27, c = 2*g + 21. Suppose -100 = -5*t + c. Suppose -22*d + t*d = 107. What is the tens digit of d?
0
Let u(z) = -z**3 + 2*z**2 - 6*z + 3. Let n be u(1). Let w(p) = -2*p**3 - p**2 + 2*p. What is the units digit of w(n)?
8
Suppose 4*i - 78536 = 3*n, 831*n = -5*i + 826*n + 98205. What is the tens digit of i?
3
Suppose -2*x = 3*s - 22491, -3*s = 4*x + 2628 - 47607. What is the thousands digit of x?
1
What is the tens digit of (-502545)/(-105) - (-2 - (-45)/21)?
8
Let g(q) = -79*q + 105. Suppose 284*d = 278*d - 90. What is the thousands digit of g(d)?
1
Let l = 5643 + 40665. What is the tens digit of l?
0
Let k(t) = -1173*t - 1040. What is the ten thousands digit of k(-30)?
3
Suppose -5*p = 5*t - 12445, -9956 = 5*t - 9*t + 3*p. What is the thousands digit of t?
2
Let h = -18335 - -33872. What is the thousands digit of h?
5
Let u(z) = 29*z**3 - 11*z**2 + 48*z - 112. What is the ten thousands digit of u(10)?
2
Let m = -34 - 11. Let g = -4 + m. Let h = g - -137. What is the tens digit of h?
8
Suppose -3*a = -0*a. Let b = -830 - -832. Suppose 5*f - b*n - 133 = 2*f, 4*f + n - 192 = a. What is the units digit of f?
7
Let w = -243 + 235. What is the tens digit of 258/24*33 + (-2)/w?
5
Let r(b) = 4*b + 248. Let d be r(-50). Suppose -d*m + 4302 = -39*m. What is the hundreds digit of m?
4
Let k be (50/4)/(75/180). What is the tens digit of 4/k + (-855383)/(-615)?
9
Let d = 6311 - -8657. What is the ten thousands digit of d?
1
Suppose 3399956 = 179*n - 117*n. What is the ten thousands digit of n?
5
Let d(a) = -9*a + 27. Let w(j) = j. Let g(r) = d(r) + 6*w(r). Suppose l - z = -20 + 10, -4*l = -3*z + 38. What is the units digit of g(l)?
1
Suppose 5*q - 59012 = 21*i - 25*i, 5*i + q = 73807. What is the ten thousands digit of i?
1
Let t(n) = -2*n - 7. Let b be t(-6). Suppose b*l = 1119 + 66. Suppose 3*m = 3, u - 9*m + 4*m - l = 0. What is the units digit of u?
2
Let j(o) = -3*o + 1. Let f be j(-7). Let n = f - 22. Suppose 2*a + 3*m - 103 = 5, n = -a - 4*m + 54. What is the tens digit of a?
5
Let k(g) = -17*g**3 - 2*g**2 + 39*g + 11. What is the units digit of k(-9)?
1
Suppose -2*q + 5*j - 202 = 0, 3*j + 278 = -3*q - 2*j. Let t be -270*(1 + 6/(-4)). Let l = t + q. What is the units digit of l?
9
Let p = -3304 - -5131. What is the hundreds digit of p?
8
Let q be 3/(-12)*(1 - -19). Let h(z) = -4*z**3 - z**2 - 3*z - 27. What is the tens digit of h(q)?
6
Let f = 28 - 31. Let q be ((-3)/4)/(f/12). Suppose 3*y = 5*u - 207, q*u - 40 = 4*y + 93. What is the units digit of u?
9
Suppose 5*s - 2*g = -5*g - 28, 0 = s + 4*g - 8. Let j(d) = 3*d**2 + 4*d - 47. What is the tens digit of j(s)?
1
Suppose -5504 + 38544 = 4*d. What is the hundreds digit of d?
2
Let g = 29 - 27. Let a be (g/4)/((-14)/(-140)). Suppose -8 + 313 = a*w. What is the units digit of w?
1
Let g(h) = -553*h + 6104. What is the thousands digit of g(-47)?
2
Let r(s) = 2*s**2 + 4*s + 5. Let i be r(-2). Let u(m) = i - 4*m**2 + 17*m - m**3 - 9*m**2 + 17*m**2. What is the units digit of u(5)?
5
Let m be 2 + (1 - 5)/(-4) + 2. Suppose -t + 2*u - 188 = -2*t, 0 = 5*t + m*u - 965. Let l = t + -68. What is the tens digit of l?
3
Suppose 9637 = 43*o - 40*o - 8636. What is the thousands digit of o?
6
Suppose -17366 = -7*s + 20539. What is the tens digit of s?
1
Let t = -14 + 5. Let f be 44 + 0/(t/3 + 1). Let z = -28 + f. What is the tens digit of z?
1
Suppose -3*g + 4*p = -g - 40, 3*g + p - 25 = 0. Suppose 3*s = -4*u + 4, 5 = s + 5*u - 0. Suppose 2*n - g - 34 = s. What is the tens digit of n?
2
Suppose -5*i - 12552 = -s + 11806, 48626 = 2*s + 5*i. What is the tens digit of s?
2
Let f(z) = -2*z**3 + 25*z**2 - 10*z - 17. Let w be f(12). Suppose -w*b - b = -32. What is the units digit of b?
4
Suppose 24*m - 9*m = 3*m + 57168. What is the hundreds digit of m?
7
Let v(f) = 77*f**3 - 9*f**2 - 32*f + 162. What is the units digit of v(6)?
8
Let n = 258 + 171. Let j(w) = w**3 + 45*w**2 + 100*w + 1214. Let g be j(-43). Let s = g - n. What is the tens digit of s?
8
Suppose -3685*p + 3696*p + 53092 = 173740. What is the ten thousands digit of p?
1
Let u(y) = 52*y - 38. Let b(f) = 5*f - 20. Let c be b(5). What is the units digit of u(c)?
2
Let f be 5/((-18)/10 - (-4)/2). Suppose 23 + f = 3*d. Suppose -m + 61 = d. What is the units digit of m?
5
Suppose -17*i = 4*f - 15*i - 108114, -i + 189217 = 7*f. What is the ten thousands digit of f?
2
Suppose 5*u - 8*u + 12 = 0. Suppose u*f + 0*f = -32. What is the tens digit of ((-20)/f)/((-1)/(-38))?
9
What is the tens digit of (-3)/18*52*(-71775)/22?
7
Suppose 94155 = -75*h + 90*h. Suppose 0 = 6*m - h + 2317. What is the hundreds digit of m?
6
Suppose -3 = -c - 9. What is the tens digit of (c + (1 - -4))*0 - -879?
7
Let r be (1 + -3)/((-10)/245). What is the units digit of (-377)/(-7) - (385/r - 8)?
4
Let t(z) = -z**3 - 9*z**2 + 5*z - 41. Let s be t(-10). Suppose -2202 = s*r - 6333. What is the units digit of r?
9
Suppose -8022 = -6*f - 3000. Suppose 4*q - 574 = -5*r + f, 2*r = 6. What is the hundreds digit of q?
3
Let s = 38 - -358. Suppose 12*c - s = 840. What is the hundreds digit of c?
1
Suppose -9145 + 1115 = -2*i. What is the hundreds digit of i?
0
Suppose 0 = -6*w - 9*w - 8*w. Suppose w = 11*q - 3367 - 2331. What is the tens digit of q?
1
Let r(g) = -30408*g**3 - 15*g**2 - 24*g - 7. What is the units digit of r(-1)?
0
Let q(c) be the second derivative of -c**3/3 + 54*c**2 - c + 66. What is the units digit of q(33)?
2
Suppose -5*k = 4*k. Suppose k = -2*m + 2*t + 3*t + 187, -4*t = -5*m + 425. What is the tens digit of m*(-1)/3*-1?
2
Let z = 30 + -32. Let o be 82 - (-1 + (1 + z - 0)). Let a = o - -119. What is the hundreds digit of a?
2
Let q be 0 + -3*14/(-6). Let k be ((-45)/5)/(5/(-5)). Suppose q*v + 126 = k*v. What is the units digit of v?
3
What is the tens digit of (19 - 1 - 15) + 1293*1?
9
Let y(d) = 17855*d**3 + 4*d**2 - 9*d + 7. What is the tens digit of y(1)?
5
Suppose -559*z = -591*z + 954784. What is the ten thousands digit of z?
2
Let r(q) = 2*q**3 + 90*q**2 + 53*q + 77. Let i(z) = -z**3 - 16*z**2 + 23*z + 58. Let t be i(-17). What is the tens digit of r(t)?
1
Let r be -225*2/(-10)*5. Let t = 484 - r. What is the units digit of t?
9
Let j = -50 - 543. Let a = 1255 + j. What is the hundreds digit of a?
6
What is the units digit of (-107775)/60*(-6 - (0 - 2))?
5
Suppose 18*f - 20*f = 6. Let h be f*40/(-15)*4. Let q = h + 21. What is the tens digit of q?
5
Let s(d) = d**3 - 2*d**2 + 8*d - 3. Let z be s(2). Let a(o) = -o**3 + 7*o**2 + 19*o - 8. Let b be a(z). Let c = -548 - b. What is the units digit of c?
7
Suppose 4*l + 4*b + 2000 = 0, 3*l + 2*b - b = -1498. Let a = -466 - l. What is the units digit of a?
3
Let a(b) = -2*b + 72. Let w be a(5). Suppose 4382 = 10*c + w. What is the tens digit of c?
3
Let n(j) = -j**3 + j**2 - 4*j + 12. Let g be n(0). What is the hundreds digit of g/(-4)*1810/(-15)?
3
Let w(p) = p**3 + 21*p**2 + 27*p + 27. Let h be w(-17). Suppose 0 = -4*k - 5*x + 7*x + h, -3*k - 5*x + 556 = 0. What is the tens digit of k?
8
Let p be (-1)/(3 + (-366)/120). Suppose p*h - 4*h = 24208. What is the units digit of h?
3
Let d = -81 + 116. Suppose 4*b + d = -3*b. Let n = b - -13. What is the units digit of n?
8
Let o be -562 - 1/((-6)/(-36)). Let b = 1660 + o. What is the units digit of b?
2
Let z(j